{"id":961,"date":"2023-02-28T23:56:16","date_gmt":"2023-02-28T23:56:16","guid":{"rendered":"https:\/\/patricktravelservices.com\/?page_id=961"},"modified":"2023-03-22T20:17:10","modified_gmt":"2023-03-22T20:17:10","slug":"inscrip","status":"publish","type":"page","link":"https:\/\/patricktravelservices.com\/?page_id=961","title":{"rendered":"Inscription"},"content":{"rendered":"\t\t<div data-elementor-type=\"wp-page\" data-elementor-id=\"961\" class=\"elementor elementor-961\">\n\t\t\t\t\t\t\t\t\t<section class=\"elementor-section elementor-top-section elementor-element elementor-element-da71587 elementor-section-boxed elementor-section-height-default elementor-section-height-default\" data-id=\"da71587\" data-element_type=\"section\">\n\t\t\t\t\t\t<div class=\"elementor-container elementor-column-gap-default\">\n\t\t\t\t\t<div class=\"elementor-column elementor-col-100 elementor-top-column elementor-element elementor-element-366435c\" data-id=\"366435c\" data-element_type=\"column\">\n\t\t\t<div class=\"elementor-widget-wrap elementor-element-populated\">\n\t\t\t\t\t\t\t\t<section class=\"elementor-section elementor-inner-section elementor-element elementor-element-2b490df elementor-section-boxed elementor-section-height-default elementor-section-height-default\" data-id=\"2b490df\" data-element_type=\"section\">\n\t\t\t\t\t\t<div class=\"elementor-container elementor-column-gap-default\">\n\t\t\t\t\t<div class=\"elementor-column elementor-col-100 elementor-inner-column elementor-element elementor-element-752b5f9\" data-id=\"752b5f9\" data-element_type=\"column\">\n\t\t\t<div class=\"elementor-widget-wrap elementor-element-populated\">\n\t\t\t\t\t\t\t\t<div class=\"elementor-element elementor-element-7a21099 elementor-widget elementor-widget-heading\" data-id=\"7a21099\" data-element_type=\"widget\" data-widget_type=\"heading.default\">\n\t\t\t\t<div class=\"elementor-widget-container\">\n\t\t\t<style>\/*! elementor - v3.10.0 - 09-01-2023 *\/\n.elementor-heading-title{padding:0;margin:0;line-height:1}.elementor-widget-heading .elementor-heading-title[class*=elementor-size-]>a{color:inherit;font-size:inherit;line-height:inherit}.elementor-widget-heading .elementor-heading-title.elementor-size-small{font-size:15px}.elementor-widget-heading .elementor-heading-title.elementor-size-medium{font-size:19px}.elementor-widget-heading .elementor-heading-title.elementor-size-large{font-size:29px}.elementor-widget-heading .elementor-heading-title.elementor-size-xl{font-size:39px}.elementor-widget-heading .elementor-heading-title.elementor-size-xxl{font-size:59px}<\/style><h2 class=\"elementor-heading-title elementor-size-default\"><h3 style=\"font-size: 22px; font-style: normal; font-family: Ubuntu, sans-serif; text-decoration-line: underline; text-align: center; white-space: normal;\"><a href=\"https:\/\/patricktravelservices.com\/#\">Inscription &amp; suivis de dossier<\/a><\/h3><\/h2>\t\t<\/div>\n\t\t\t\t<\/div>\n\t\t\t\t\t<\/div>\n\t\t<\/div>\n\t\t\t\t\t\t\t<\/div>\n\t\t<\/section>\n\t\t\t\t\t<\/div>\n\t\t<\/div>\n\t\t\t\t\t\t\t<\/div>\n\t\t<\/section>\n\t\t\t\t<section class=\"elementor-section elementor-top-section elementor-element elementor-element-3e8fbaa elementor-section-boxed elementor-section-height-default elementor-section-height-default\" data-id=\"3e8fbaa\" data-element_type=\"section\">\n\t\t\t\t\t\t<div class=\"elementor-container elementor-column-gap-default\">\n\t\t\t\t\t<div class=\"elementor-column elementor-col-100 elementor-top-column elementor-element elementor-element-3e629dd\" data-id=\"3e629dd\" data-element_type=\"column\">\n\t\t\t<div class=\"elementor-widget-wrap elementor-element-populated\">\n\t\t\t\t\t\t\t\t<div class=\"elementor-element elementor-element-645a28f elementor-widget elementor-widget-text-editor\" data-id=\"645a28f\" data-element_type=\"widget\" data-widget_type=\"text-editor.default\">\n\t\t\t\t<div class=\"elementor-widget-container\">\n\t\t\t<style>\/*! elementor - v3.10.0 - 09-01-2023 *\/\n.elementor-widget-text-editor.elementor-drop-cap-view-stacked .elementor-drop-cap{background-color:#818a91;color:#fff}.elementor-widget-text-editor.elementor-drop-cap-view-framed .elementor-drop-cap{color:#818a91;border:3px solid;background-color:transparent}.elementor-widget-text-editor:not(.elementor-drop-cap-view-default) .elementor-drop-cap{margin-top:8px}.elementor-widget-text-editor:not(.elementor-drop-cap-view-default) .elementor-drop-cap-letter{width:1em;height:1em}.elementor-widget-text-editor .elementor-drop-cap{float:left;text-align:center;line-height:1;font-size:50px}.elementor-widget-text-editor .elementor-drop-cap-letter{display:inline-block}<\/style>\t\t\t\t<p><strong>PTS<\/strong> de par son exp\u00e9rience et son personnel qualifi\u00e9 vous offre la possibilit\u00e9 \u00e0 l\u2019inscription de lui soumettre votre dossier pour v\u00e9rification de tous les d\u00e9tails et un suivi minutieux et progressif jusqu\u2019\u00e0 l\u2019aboutissement complet de votre proc\u00e9dure !<\/p><p>Nous sommes ravis de vous proposer nos services pour l&#8217;inscription et le suivi des dossiers de nos voyageurs. En tant qu&#8217;entreprise sp\u00e9cialis\u00e9e dans ce domaine, nous sommes convaincus que nous pouvons r\u00e9pondre \u00e0 vos besoins en mati\u00e8re de gestion de vos dossiers de voyages, en assurant une qualit\u00e9 de service optimale \u00e0 vos clients.<\/p><p>Notre entreprise offre une gamme compl\u00e8te de services pour aider les voyageurs \u00e0 organiser leur voyage et \u00e0 s&#8217;assurer que toutes les formalit\u00e9s administratives sont remplies. Nous pouvons g\u00e9rer toutes les \u00e9tapes de l&#8217;inscription des voyageurs, de la collecte des informations personnelles \u00e0 la r\u00e9servation des billets d&#8217;avion, des h\u00f4tels et des transferts, ainsi que l&#8217;obtention des visas n\u00e9cessaires.<\/p><p>Nous mettons \u00e9galement \u00e0 votre disposition un syst\u00e8me de suivi des dossiers de voyageurs qui permet de suivre l&#8217;\u00e9tat d&#8217;avancement de chaque dossier, de recevoir des alertes en cas de probl\u00e8mes potentiels et de prendre les mesures n\u00e9cessaires pour les r\u00e9soudre.<\/p><p>Notre \u00e9quipe de professionnels exp\u00e9riment\u00e9s s&#8217;assurera que les voyageurs sont pris en charge d\u00e8s le d\u00e9but de leur voyage jusqu&#8217;\u00e0 leur retour chez eux, afin de garantir une exp\u00e9rience de voyage inoubliable. Nous sommes convaincus que notre expertise et notre professionnalisme nous permettront de nous d\u00e9marquer de la concurrence et de fid\u00e9liser nos clients.<\/p><p>Nous serions ravis de discuter avec vous de vos besoins en mati\u00e8re de gestion de dossiers de voyageurs et de vous pr\u00e9senter plus en d\u00e9tail notre offre de services. N&#8217;h\u00e9sitez pas \u00e0 nous contacter pour fixer une r\u00e9union ou pour toute demande d&#8217;informations compl\u00e9mentaires.<\/p>\t\t\t\t\t\t<\/div>\n\t\t\t\t<\/div>\n\t\t\t\t\t<\/div>\n\t\t<\/div>\n\t\t\t\t\t\t\t<\/div>\n\t\t<\/section>\n\t\t\t\t\t\t\t<\/div>\n\t\t","protected":false},"excerpt":{"rendered":"<p>Inscription &amp; suivis de dossier PTS de par son exp\u00e9rience et son personnel qualifi\u00e9 vous offre la possibilit\u00e9 \u00e0 l\u2019inscription de lui soumettre votre dossier pour v\u00e9rification de tous les d\u00e9tails et un suivi minutieux et progressif jusqu\u2019\u00e0 l\u2019aboutissement complet de votre proc\u00e9dure ! Nous sommes ravis de vous proposer nos services pour l&#8217;inscription et &hellip;<\/p>\n<p class=\"read-more\"> <a class=\"\" href=\"https:\/\/patricktravelservices.com\/?page_id=961\"> <span class=\"screen-reader-text\">Inscription<\/span> Read More &raquo;<\/a><\/p>\n","protected":false},"author":1,"featured_media":0,"parent":0,"menu_order":0,"comment_status":"closed","ping_status":"closed","template":"","meta":{"site-sidebar-layout":"no-sidebar","site-content-layout":"page-builder","ast-global-header-display":"","ast-main-header-display":"","ast-hfb-above-header-display":"","ast-hfb-below-header-display":"","ast-hfb-mobile-header-display":"","site-post-title":"disabled","ast-breadcrumbs-content":"","ast-featured-img":"disabled","footer-sml-layout":"","theme-transparent-header-meta":"","adv-header-id-meta":"","stick-header-meta":"","header-above-stick-meta":"","header-main-stick-meta":"","header-below-stick-meta":""},"_links":{"self":[{"href":"https:\/\/patricktravelservices.com\/index.php?rest_route=\/wp\/v2\/pages\/961"}],"collection":[{"href":"https:\/\/patricktravelservices.com\/index.php?rest_route=\/wp\/v2\/pages"}],"about":[{"href":"https:\/\/patricktravelservices.com\/index.php?rest_route=\/wp\/v2\/types\/page"}],"author":[{"embeddable":true,"href":"https:\/\/patricktravelservices.com\/index.php?rest_route=\/wp\/v2\/users\/1"}],"replies":[{"embeddable":true,"href":"https:\/\/patricktravelservices.com\/index.php?rest_route=%2Fwp%2Fv2%2Fcomments&post=961"}],"version-history":[{"count":7,"href":"https:\/\/patricktravelservices.com\/index.php?rest_route=\/wp\/v2\/pages\/961\/revisions"}],"predecessor-version":[{"id":1078,"href":"https:\/\/patricktravelservices.com\/index.php?rest_route=\/wp\/v2\/pages\/961\/revisions\/1078"}],"wp:attachment":[{"href":"https:\/\/patricktravelservices.com\/index.php?rest_route=%2Fwp%2Fv2%2Fmedia&parent=961"}],"curies":[{"name":"wp","href":"https:\/\/api.w.org\/{rel}","templated":true}]}}