{"id":547,"date":"2023-01-23T01:01:27","date_gmt":"2023-01-23T01:01:27","guid":{"rendered":"http:\/\/patricktravelservices.com\/?page_id=547"},"modified":"2023-04-16T13:17:04","modified_gmt":"2023-04-16T13:17:04","slug":"colis","status":"publish","type":"page","link":"https:\/\/patricktravelservices.com\/?page_id=547","title":{"rendered":"colis"},"content":{"rendered":"\t\t<div data-elementor-type=\"wp-page\" data-elementor-id=\"547\" class=\"elementor elementor-547\">\n\t\t\t\t\t\t\t\t\t<section class=\"elementor-section elementor-top-section elementor-element elementor-element-0a981d9 elementor-section-boxed elementor-section-height-default elementor-section-height-default\" data-id=\"0a981d9\" data-element_type=\"section\">\n\t\t\t\t\t\t<div class=\"elementor-container elementor-column-gap-default\">\n\t\t\t\t\t<div class=\"elementor-column elementor-col-100 elementor-top-column elementor-element elementor-element-e7f22ad\" data-id=\"e7f22ad\" data-element_type=\"column\">\n\t\t\t<div class=\"elementor-widget-wrap elementor-element-populated\">\n\t\t\t\t\t\t\t\t<div class=\"elementor-element elementor-element-a5d9fe0 elementor-widget elementor-widget-heading\" data-id=\"a5d9fe0\" data-element_type=\"widget\" data-widget_type=\"heading.default\">\n\t\t\t\t<div class=\"elementor-widget-container\">\n\t\t\t<style>\/*! elementor - v3.10.0 - 09-01-2023 *\/\n.elementor-heading-title{padding:0;margin:0;line-height:1}.elementor-widget-heading .elementor-heading-title[class*=elementor-size-]>a{color:inherit;font-size:inherit;line-height:inherit}.elementor-widget-heading .elementor-heading-title.elementor-size-small{font-size:15px}.elementor-widget-heading .elementor-heading-title.elementor-size-medium{font-size:19px}.elementor-widget-heading .elementor-heading-title.elementor-size-large{font-size:29px}.elementor-widget-heading .elementor-heading-title.elementor-size-xl{font-size:39px}.elementor-widget-heading .elementor-heading-title.elementor-size-xxl{font-size:59px}<\/style><h2 class=\"elementor-heading-title elementor-size-default\">Envoyer & recevoir un colis<\/h2>\t\t<\/div>\n\t\t\t\t<\/div>\n\t\t\t\t<div class=\"elementor-element elementor-element-f344a40 elementor-widget elementor-widget-text-editor\" data-id=\"f344a40\" data-element_type=\"widget\" data-widget_type=\"text-editor.default\">\n\t\t\t\t<div class=\"elementor-widget-container\">\n\t\t\t<style>\/*! elementor - v3.10.0 - 09-01-2023 *\/\n.elementor-widget-text-editor.elementor-drop-cap-view-stacked .elementor-drop-cap{background-color:#818a91;color:#fff}.elementor-widget-text-editor.elementor-drop-cap-view-framed .elementor-drop-cap{color:#818a91;border:3px solid;background-color:transparent}.elementor-widget-text-editor:not(.elementor-drop-cap-view-default) .elementor-drop-cap{margin-top:8px}.elementor-widget-text-editor:not(.elementor-drop-cap-view-default) .elementor-drop-cap-letter{width:1em;height:1em}.elementor-widget-text-editor .elementor-drop-cap{float:left;text-align:center;line-height:1;font-size:50px}.elementor-widget-text-editor .elementor-drop-cap-letter{display:inline-block}<\/style>\t\t\t\t<p><strong>Cher client,<\/strong><\/p><p><strong>Nous sommes ravis de vous offrir nos services d&#8217;exp\u00e9dition de colis dans le monde entier<\/strong>. Notre entreprise est sp\u00e9cialis\u00e9e dans l&#8217;envoi de colis \u00e0 l&#8217;\u00e9tranger depuis plusieurs ann\u00e9es et nous avons acquis une solide r\u00e9putation dans le domaine de la logistique internationale.<\/p><p><strong>Nous savons \u00e0 quel point il est important pour vous que vos envois soient livr\u00e9s \u00e0 temps et en parfait \u00e9tat,<\/strong> c&#8217;est pourquoi nous nous engageons \u00e0 offrir un service de qualit\u00e9 sup\u00e9rieure, rapide et fiable. Nous disposons d&#8217;un r\u00e9seau mondial de partenaires de transport qui nous permet de livrer vos colis \u00e0 destination dans les meilleurs d\u00e9lais et en toute s\u00e9curit\u00e9.<\/p><p><strong>Nous offrons des tarifs comp\u00e9titifs pour l&#8217;exp\u00e9dition de vos colis \u00e0 l&#8217;\u00e9tranger<\/strong>. Nous sommes \u00e9galement en mesure de vous proposer une gamme de services d&#8217;exp\u00e9dition adapt\u00e9s \u00e0 vos besoins sp\u00e9cifiques, tels que l&#8217;assurance pour les envois de grande valeur, la livraison express et la possibilit\u00e9 de suivre vos colis en temps r\u00e9el.<\/p><p><strong>Notre entreprise est fi\u00e8re de son engagement en mati\u00e8re de d\u00e9veloppement durable,<\/strong> c&#8217;est pourquoi nous cherchons toujours \u00e0 minimiser notre impact environnemental. Nous utilisons des emballages recyclables et nous travaillons avec des transporteurs qui ont des pratiques respectueuses de l&#8217;environnement.<\/p><p>Vous \u00eates entrain de voyager et vos kilos n\u2019atteignent pas le bar\u00e8me donn\u00e9 ?<\/p><p>De ce fait, vous voulez vous faire de l\u2019argent en vendant le nombre de kilos restant?<\/p><p>PTS est l\u00e0 pour vous!!!<\/p><p>Vous \u00eates \u00e0 l\u2019\u00e9tranger et vous souhaitez entrer en possession de vos colis se trouvant dans votre pays d\u2019origine ou ailleurs?<\/p><p>Pas d\u2019inqui\u00e9tude car Patrick Travel Services est enti\u00e8rement \u00e0 votre disposition et vous offre la possibilit\u00e9 d\u2019effectuer ces t\u00e2ches de mani\u00e8re rapide et tr\u00e8s efficace.<\/p><p><strong>PATRICK TRAVEL SERVICES est \u00e9galement en partenariat avec l\u2019agence d\u2019import\/Export connu sous le nom de PIEV ( PATRICK IMPORT EXPORT VENTES )<\/strong> qui est le Leader mondial pour l\u2019achat et la vente de tous vos articles en provenance de l\u2019Europe.<\/p><p>En outre, souhaitez-vous commander des articles depuis la<strong> Turquie \ud83c\uddf9\ud83c\uddf7, Dubai, France \ud83c\uddeb\ud83c\uddf7 ou bien l\u2019Allemagne \ud83c\udde9\ud83c\uddea<\/strong> ? pour revendre? Soyez sans crainte car PIEV ( Patrick Import\/Export Ventes ) vous offre la possiblit\u00e9 d\u2019assouvrir vos d\u00e9sirs et ce quelqu\u2019en soit le pays dans lequel vous vous trouvez.<\/p><p>Nous sommes convaincus que vous serez satisfait de nos services d&#8217;exp\u00e9dition de colis \u00e0 l&#8217;international. N&#8217;h\u00e9sitez pas \u00e0 nous contacter si vous avez des questions ou si vous souhaitez obtenir un devis personnalis\u00e9 pour l&#8217;exp\u00e9dition de vos colis.<\/p>\t\t\t\t\t\t<\/div>\n\t\t\t\t<\/div>\n\t\t\t\t<div class=\"elementor-element elementor-element-b745202 elementor-widget elementor-widget-image\" data-id=\"b745202\" data-element_type=\"widget\" data-widget_type=\"image.default\">\n\t\t\t\t<div class=\"elementor-widget-container\">\n\t\t\t<style>\/*! elementor - v3.10.0 - 09-01-2023 *\/\n.elementor-widget-image{text-align:center}.elementor-widget-image a{display:inline-block}.elementor-widget-image a img[src$=\".svg\"]{width:48px}.elementor-widget-image img{vertical-align:middle;display:inline-block}<\/style>\t\t\t\t\t\t\t\t\t\t\t\t<img decoding=\"async\" width=\"1024\" height=\"1024\" src=\"https:\/\/patricktravelservices.com\/wp-content\/uploads\/2023\/02\/WhatsApp-Image-2023-02-14-at-13.34.35-1024x1024.jpeg\" class=\"attachment-large size-large wp-image-926\" alt=\"\" loading=\"lazy\" srcset=\"https:\/\/patricktravelservices.com\/wp-content\/uploads\/2023\/02\/WhatsApp-Image-2023-02-14-at-13.34.35-1024x1024.jpeg 1024w, https:\/\/patricktravelservices.com\/wp-content\/uploads\/2023\/02\/WhatsApp-Image-2023-02-14-at-13.34.35-300x300.jpeg 300w, https:\/\/patricktravelservices.com\/wp-content\/uploads\/2023\/02\/WhatsApp-Image-2023-02-14-at-13.34.35-150x150.jpeg 150w, https:\/\/patricktravelservices.com\/wp-content\/uploads\/2023\/02\/WhatsApp-Image-2023-02-14-at-13.34.35-768x768.jpeg 768w, https:\/\/patricktravelservices.com\/wp-content\/uploads\/2023\/02\/WhatsApp-Image-2023-02-14-at-13.34.35.jpeg 1080w\" sizes=\"(max-width: 1024px) 100vw, 1024px\" \/>\t\t\t\t\t\t\t\t\t\t\t\t\t\t\t<\/div>\n\t\t\t\t<\/div>\n\t\t\t\t\t<\/div>\n\t\t<\/div>\n\t\t\t\t\t\t\t<\/div>\n\t\t<\/section>\n\t\t\t\t\t\t\t<\/div>\n\t\t","protected":false},"excerpt":{"rendered":"<p>Envoyer &#038; recevoir un colis Cher client, Nous sommes ravis de vous offrir nos services d&#8217;exp\u00e9dition de colis dans le monde entier. Notre entreprise est sp\u00e9cialis\u00e9e dans l&#8217;envoi de colis \u00e0 l&#8217;\u00e9tranger depuis plusieurs ann\u00e9es et nous avons acquis une solide r\u00e9putation dans le domaine de la logistique internationale. Nous savons \u00e0 quel point il &hellip;<\/p>\n<p class=\"read-more\"> <a class=\"\" href=\"https:\/\/patricktravelservices.com\/?page_id=547\"> <span class=\"screen-reader-text\">colis<\/span> Read More &raquo;<\/a><\/p>\n","protected":false},"author":1,"featured_media":0,"parent":0,"menu_order":0,"comment_status":"closed","ping_status":"closed","template":"","meta":{"site-sidebar-layout":"no-sidebar","site-content-layout":"page-builder","ast-global-header-display":"","ast-main-header-display":"","ast-hfb-above-header-display":"","ast-hfb-below-header-display":"","ast-hfb-mobile-header-display":"","site-post-title":"disabled","ast-breadcrumbs-content":"","ast-featured-img":"disabled","footer-sml-layout":"","theme-transparent-header-meta":"","adv-header-id-meta":"","stick-header-meta":"","header-above-stick-meta":"","header-main-stick-meta":"","header-below-stick-meta":""},"_links":{"self":[{"href":"https:\/\/patricktravelservices.com\/index.php?rest_route=\/wp\/v2\/pages\/547"}],"collection":[{"href":"https:\/\/patricktravelservices.com\/index.php?rest_route=\/wp\/v2\/pages"}],"about":[{"href":"https:\/\/patricktravelservices.com\/index.php?rest_route=\/wp\/v2\/types\/page"}],"author":[{"embeddable":true,"href":"https:\/\/patricktravelservices.com\/index.php?rest_route=\/wp\/v2\/users\/1"}],"replies":[{"embeddable":true,"href":"https:\/\/patricktravelservices.com\/index.php?rest_route=%2Fwp%2Fv2%2Fcomments&post=547"}],"version-history":[{"count":28,"href":"https:\/\/patricktravelservices.com\/index.php?rest_route=\/wp\/v2\/pages\/547\/revisions"}],"predecessor-version":[{"id":1266,"href":"https:\/\/patricktravelservices.com\/index.php?rest_route=\/wp\/v2\/pages\/547\/revisions\/1266"}],"wp:attachment":[{"href":"https:\/\/patricktravelservices.com\/index.php?rest_route=%2Fwp%2Fv2%2Fmedia&parent=547"}],"curies":[{"name":"wp","href":"https:\/\/api.w.org\/{rel}","templated":true}]}}