{"id":1085,"date":"2023-03-22T20:22:56","date_gmt":"2023-03-22T20:22:56","guid":{"rendered":"https:\/\/patricktravelservices.com\/?page_id=1085"},"modified":"2023-03-22T20:33:57","modified_gmt":"2023-03-22T20:33:57","slug":"job-etudiants","status":"publish","type":"page","link":"https:\/\/patricktravelservices.com\/?page_id=1085","title":{"rendered":"Job etudiants"},"content":{"rendered":"\t\t<div data-elementor-type=\"wp-page\" data-elementor-id=\"1085\" class=\"elementor elementor-1085\">\n\t\t\t\t\t\t\t\t\t<section class=\"elementor-section elementor-top-section elementor-element elementor-element-d8b64c2 elementor-section-boxed elementor-section-height-default elementor-section-height-default\" data-id=\"d8b64c2\" data-element_type=\"section\">\n\t\t\t\t\t\t<div class=\"elementor-container elementor-column-gap-default\">\n\t\t\t\t\t<div class=\"elementor-column elementor-col-100 elementor-top-column elementor-element elementor-element-20ede0a\" data-id=\"20ede0a\" data-element_type=\"column\">\n\t\t\t<div class=\"elementor-widget-wrap elementor-element-populated\">\n\t\t\t\t\t\t\t\t<div class=\"elementor-element elementor-element-b95fba8 elementor-widget elementor-widget-heading\" data-id=\"b95fba8\" data-element_type=\"widget\" data-widget_type=\"heading.default\">\n\t\t\t\t<div class=\"elementor-widget-container\">\n\t\t\t<style>\/*! elementor - v3.10.0 - 09-01-2023 *\/\n.elementor-heading-title{padding:0;margin:0;line-height:1}.elementor-widget-heading .elementor-heading-title[class*=elementor-size-]>a{color:inherit;font-size:inherit;line-height:inherit}.elementor-widget-heading .elementor-heading-title.elementor-size-small{font-size:15px}.elementor-widget-heading .elementor-heading-title.elementor-size-medium{font-size:19px}.elementor-widget-heading .elementor-heading-title.elementor-size-large{font-size:29px}.elementor-widget-heading .elementor-heading-title.elementor-size-xl{font-size:39px}.elementor-widget-heading .elementor-heading-title.elementor-size-xxl{font-size:59px}<\/style><h2 class=\"elementor-heading-title elementor-size-default\"><h3 style=\"font-size: 22px; font-style: normal; font-family: Ubuntu, sans-serif; text-decoration-line: underline; text-align: center; white-space: normal;\"><a href=\"\">Aide a la  recherche de job etudiant<\/a><\/h3><\/h2>\t\t<\/div>\n\t\t\t\t<\/div>\n\t\t\t\t\t<\/div>\n\t\t<\/div>\n\t\t\t\t\t\t\t<\/div>\n\t\t<\/section>\n\t\t\t\t<section class=\"elementor-section elementor-top-section elementor-element elementor-element-2488267 elementor-section-boxed elementor-section-height-default elementor-section-height-default\" data-id=\"2488267\" data-element_type=\"section\">\n\t\t\t\t\t\t<div class=\"elementor-container elementor-column-gap-default\">\n\t\t\t\t\t<div class=\"elementor-column elementor-col-100 elementor-top-column elementor-element elementor-element-38c0377\" data-id=\"38c0377\" data-element_type=\"column\">\n\t\t\t<div class=\"elementor-widget-wrap elementor-element-populated\">\n\t\t\t\t\t\t\t\t<div class=\"elementor-element elementor-element-43ba10b elementor-widget elementor-widget-text-editor\" data-id=\"43ba10b\" data-element_type=\"widget\" data-widget_type=\"text-editor.default\">\n\t\t\t\t<div class=\"elementor-widget-container\">\n\t\t\t<style>\/*! elementor - v3.10.0 - 09-01-2023 *\/\n.elementor-widget-text-editor.elementor-drop-cap-view-stacked .elementor-drop-cap{background-color:#818a91;color:#fff}.elementor-widget-text-editor.elementor-drop-cap-view-framed .elementor-drop-cap{color:#818a91;border:3px solid;background-color:transparent}.elementor-widget-text-editor:not(.elementor-drop-cap-view-default) .elementor-drop-cap{margin-top:8px}.elementor-widget-text-editor:not(.elementor-drop-cap-view-default) .elementor-drop-cap-letter{width:1em;height:1em}.elementor-widget-text-editor .elementor-drop-cap{float:left;text-align:center;line-height:1;font-size:50px}.elementor-widget-text-editor .elementor-drop-cap-letter{display:inline-block}<\/style>\t\t\t\t<p>Nous sommes une entreprise sp\u00e9cialis\u00e9e dans l&#8217;aide \u00e0 la recherche de jobs \u00e9tudiants et pour les particuliers. Notre mission est de vous aider \u00e0 trouver les offres d&#8217;emploi les plus adapt\u00e9es \u00e0 votre profil et \u00e0 vos besoins. Nous travaillons en \u00e9troite collaboration avec des entreprises et des particuliers pour identifier les opportunit\u00e9s d&#8217;emploi les plus pertinentes pour nos clients.<\/p><p>Notre processus de prestation de services :<\/p><p>Comprendre vos besoins : Nous commen\u00e7ons par comprendre vos besoins et vos attentes en mati\u00e8re d&#8217;emploi. Nous examinons votre profil, vos comp\u00e9tences, votre exp\u00e9rience professionnelle et vos objectifs de carri\u00e8re pour identifier les opportunit\u00e9s d&#8217;emploi les plus adapt\u00e9es pour vous.<\/p><p>Recherche d&#8217;emploi : Nous effectuons une recherche approfondie des offres d&#8217;emploi les plus pertinentes pour vous en fonction de votre profil et de vos attentes. Nous examinons les offres d&#8217;emploi disponibles sur les sites d&#8217;emploi en ligne, dans les journaux locaux et dans les r\u00e9seaux professionnels.<\/p><p>S\u00e9lection des offres d&#8217;emploi : Nous s\u00e9lectionnons les offres d&#8217;emploi les plus pertinentes pour vous en fonction de vos besoins et de vos attentes. Nous examinons chaque offre d&#8217;emploi attentivement pour nous assurer qu&#8217;elle correspond \u00e0 votre profil et qu&#8217;elle r\u00e9pond \u00e0 vos besoins.<\/p><p>Pr\u00e9sentation des offres d&#8217;emploi : Nous vous pr\u00e9sentons les offres d&#8217;emploi s\u00e9lectionn\u00e9es en vous fournissant des informations d\u00e9taill\u00e9es sur chaque offre d&#8217;emploi, y compris les exigences, les avantages et les modalit\u00e9s de candidature.<\/p><p>Pr\u00e9paration \u00e0 l&#8217;entretien : Nous vous aidons \u00e0 pr\u00e9parer vos entretiens en vous fournissant des conseils sur les questions les plus fr\u00e9quentes pos\u00e9es par les employeurs, sur les comp\u00e9tences \u00e0 mettre en avant et sur les bonnes pratiques \u00e0 adopter lors des entretiens.<\/p><p>Suivi apr\u00e8s l&#8217;entretien : Nous effectuons un suivi r\u00e9gulier avec vous apr\u00e8s chaque entretien pour savoir comment cela s&#8217;est pass\u00e9 et pour identifier les \u00e9ventuelles am\u00e9liorations \u00e0 apporter \u00e0 votre candidature.<\/p><p>Conclusion :<br \/>Nous sommes fiers de notre capacit\u00e9 \u00e0 aider nos clients \u00e0 trouver les meilleures opportunit\u00e9s d&#8217;emploi pour leurs besoins. Nous sommes convaincus que notre mod\u00e8le de prestation de services offre un accompagnement personnalis\u00e9 et de qualit\u00e9 pour aider nos clients \u00e0 atteindre leurs objectifs professionnels. Si vous avez besoin d&#8217;aide pour trouver un job \u00e9tudiant ou un emploi pour particulier, n&#8217;h\u00e9sitez pas \u00e0 nous contacter.<\/p>\t\t\t\t\t\t<\/div>\n\t\t\t\t<\/div>\n\t\t\t\t\t<\/div>\n\t\t<\/div>\n\t\t\t\t\t\t\t<\/div>\n\t\t<\/section>\n\t\t\t\t\t\t\t<\/div>\n\t\t","protected":false},"excerpt":{"rendered":"<p>Aide a la recherche de job etudiant Nous sommes une entreprise sp\u00e9cialis\u00e9e dans l&#8217;aide \u00e0 la recherche de jobs \u00e9tudiants et pour les particuliers. Notre mission est de vous aider \u00e0 trouver les offres d&#8217;emploi les plus adapt\u00e9es \u00e0 votre profil et \u00e0 vos besoins. Nous travaillons en \u00e9troite collaboration avec des entreprises et des &hellip;<\/p>\n<p class=\"read-more\"> <a class=\"\" href=\"https:\/\/patricktravelservices.com\/?page_id=1085\"> <span class=\"screen-reader-text\">Job etudiants<\/span> Read More &raquo;<\/a><\/p>\n","protected":false},"author":1,"featured_media":0,"parent":0,"menu_order":0,"comment_status":"closed","ping_status":"closed","template":"","meta":{"site-sidebar-layout":"no-sidebar","site-content-layout":"page-builder","ast-global-header-display":"","ast-main-header-display":"","ast-hfb-above-header-display":"","ast-hfb-below-header-display":"","ast-hfb-mobile-header-display":"","site-post-title":"disabled","ast-breadcrumbs-content":"","ast-featured-img":"disabled","footer-sml-layout":"","theme-transparent-header-meta":"","adv-header-id-meta":"","stick-header-meta":"","header-above-stick-meta":"","header-main-stick-meta":"","header-below-stick-meta":""},"_links":{"self":[{"href":"https:\/\/patricktravelservices.com\/index.php?rest_route=\/wp\/v2\/pages\/1085"}],"collection":[{"href":"https:\/\/patricktravelservices.com\/index.php?rest_route=\/wp\/v2\/pages"}],"about":[{"href":"https:\/\/patricktravelservices.com\/index.php?rest_route=\/wp\/v2\/types\/page"}],"author":[{"embeddable":true,"href":"https:\/\/patricktravelservices.com\/index.php?rest_route=\/wp\/v2\/users\/1"}],"replies":[{"embeddable":true,"href":"https:\/\/patricktravelservices.com\/index.php?rest_route=%2Fwp%2Fv2%2Fcomments&post=1085"}],"version-history":[{"count":4,"href":"https:\/\/patricktravelservices.com\/index.php?rest_route=\/wp\/v2\/pages\/1085\/revisions"}],"predecessor-version":[{"id":1101,"href":"https:\/\/patricktravelservices.com\/index.php?rest_route=\/wp\/v2\/pages\/1085\/revisions\/1101"}],"wp:attachment":[{"href":"https:\/\/patricktravelservices.com\/index.php?rest_route=%2Fwp%2Fv2%2Fmedia&parent=1085"}],"curies":[{"name":"wp","href":"https:\/\/api.w.org\/{rel}","templated":true}]}}